z).
27
Suppose -55*k = 16*k + 24*k + 95. Let i(v) = 3*v**2 + 8*v + 7. Calculate i(k).
2
Let h(i) be the first derivative of -13*i**3/3 - i**2/2 - 53*i - 76. Let y(p) be the first derivative of h(p). What is y(-1)?
25
Suppose -503*h = -461*h + 336. Let w(s) = 2*s + 2. Give w(h).
-14
Let x(j) = -j + j + 725 + 4*j - 3*j - 733. Let k = 354 + -342. Determine x(k).
4
Let n(b) be the third derivative of b + 2*b**3 + 0 + 7/24*b**4 - 73*b**2. Give n(-8).
-44
Let f(v) be the second derivative of v**3/6 + 6*v**2 + 2*v. Suppose 8*h = -2*l + 86, 5407*l - 5403*l + 2*h - 46 = 0. Give f(l).
19
Let c be -9*((-1)/3 - -1). Let y(g) be the third derivative of 1/120*g**6 + g**3 + 7/60*g**5 + 0*g + 51 + 2*g**2 + 1/3*g**4. Determine y(c).
-6
Let r(w) = -4*w - 89. Let h be r(-23). Let j(u) = 2*u + u**h - 46*u**2 + 26*u**2 + 26*u**2 + 3. Determine j(-5).
18
Let y(k) = -k**2 + 2*k + 2. Let c be y(3). Suppose -76*x = -75*x - 3. Let a(f) = -x - 4*f - 7 + 9. Calculate a(c).
3
Let z(u) be the second derivative of 4*u**3 - 79*u**2/2 - 4*u + 50. Calculate z(3).
-7
Let f(q) = q**3 + 6*q**2 + 3. Let c = -2 - -10. Suppose -11*p = -12*p - c. Let s(o) = 2*o**2 + 17*o + 2. Let x be s(p). What is f(x)?
3
Let h(p) = p**2 + p + 3. Suppose -556*t = -561*t + 530. Suppose -34*l = -4 + t. What is h(l)?
9
Let d(f) = 45*f**2 - 13*f + 79. Let g(q) = 248*q**2 - 65*q + 394. Let u(a) = -11*d(a) + 2*g(a). Give u(5).
9
Let m(l) = -l**2 + l - 2. Suppose 9*p + 6 = 33. Suppose -27 = -p*a - 12. Suppose a = 5*j, j + 4*j - 17 = -4*y. What is m(y)?
-8
Let v(i) = i**3 + 5*i**2 + 2*i + 6. Let d be v(-5). Let n be 2/3 - d/3. Let w = -7 + n. Let u(g) = -g**2 - 5*g. Determine u(w).
0
Let w(r) = -r**3 + 16*r**2 - 48*r + 10. Let y(n) = n**2 + 13*n - 218. Let c be y(10). Give w(c).
10
Let z(i) = 9*i**2 + 4 + 123*i**3 - 5*i - 124*i**3 - 5*i**2. Calculate z(2).
2
Let m(t) be the first derivative of -t**2/2 + 4*t + 6934. Let q(j) = -j**3 + 8*j**2 + 9*j + 12. Let i be q(9). Calculate m(i).
-8
Let t(c) = 79*c**2. Let l = 9806 - 9805. Determine t(l).
79
Let b(m) = m**2 - 4*m + 5. Let u(o) = -2*o**3 - 7*o**2 - 2*o + 7. Suppose 4*p - 20 = -100. Let w be (-1 + -1 + -4)/(p/(-10)). Let f be u(w). Calculate b(f).
5
Let d(j) be the first derivative of 130 - 6*j**2 - 1/3*j**3 - 5*j. What is d(-12)?
-5
Let a(u) = -5525*u + 5*u**2 - u**3 - 7 + 0 + 2764*u + 2764*u. Calculate a(2).
11
Let l(h) = -h**3 - 9*h**2 + h - 13. Let r(b) = -b**2 - b. Let j(k) = 21*k - 104. Let t be j(5). Let v(f) = t*l(f) + 2*r(f). Calculate v(-11).
-2
Let y(j) = -6 - 179*j + 180*j - 2*j. Let w(s) = -2*s**2 - 4*s. Let c be w(-3). Determine y(c).
0
Let j(k) be the second derivative of 0 + 3/2*k**2 + k + 1/3*k**3. Let d = -97 + 89. What is j(d)?
-13
Let x(y) = y - 1. Let v(k) = -k**2 - 6*k - 14. Let q be v(-4). Let z be (-2)/(-15)*10*q/(-4). Suppose -5*d + 2*l = -11, 0*d - z*d + 3*l = -11. Calculate x(d).
0
Let u be (6 + -1)*1/10*2. Suppose 22*c + u - 23 = 0. Let o(z) = 21*z**2 + 2*z - 1. What is o(c)?
22
Let s(k) be the third derivative of -k**6/180 - k**5/60 - k**4/24 + 53*k**3/6 + 13*k**2 - 4. Let c(m) be the first derivative of s(m). Determine c(-2).
-5
Let g = -476 - -476. Suppose g = 10*z + 137 - 87. Let p(h) = 5*h - 3. Let k(m) = m - 1. Let n(i) = -4*k(i) + p(i). What is n(z)?
-4
Suppose -7*q + 1354 - 1123 = 0. Let n(w) = -4*w + 129. Give n(q).
-3
Let i(u) = u**3 + 5*u**2 - u + 4. Let p be (-486)/(-5) - 9/45. Let l = 55 - p. Let b = -47 - l. What is i(b)?
9
Let l(h) be the second derivative of 1/30*h**5 + 0*h**3 - 1/24*h**4 - 4*h**2 + 0 + 23*h - 19/120*h**6. Let x(u) be the first derivative of l(u). Determine x(1).
-18
Let u(h) = -h**3 + 5*h**2 + h - 3. Let z = -29 - -31. Let k be ((-12)/18)/(z/9). Let o(c) = -4*c - 7. Let r be o(k). What is u(r)?
2
Let w(x) = x**2 - 7*x - 9. Let o(l) = -l**2 + 5*l + 8. Let a(q) = -4*o(q) - 3*w(q). Let s be (1 - 0)*(10 - 10). What is a(s)?
-5
Let i(v) = -v**3 - v**2 + v - 1. Let d(p) = 10*p**3 + 12*p**2 - 11*p + 15. Let b(n) = -d(n) - 11*i(n). Calculate b(-2).
-16
Let z(s) = s**2 + 14*s - 6. Let a(x) = -6*x**2 - 71*x + 35. Let h(b) = 2*a(b) + 11*z(b). Give h(13).
-9
Let x(q) = -24*q + 192. Let g be 4920/600 - 1/5. Determine x(g).
0
Let y(p) = -2*p**2 + 15*p - 6. Suppose -3*x + 13 = -5*t, -23*x + 5 = -26*x - 4*t. Let f(i) = i. Let o(v) = x*y(v) - 2*f(v). Give o(6).
0
Let d = -10 + 7. Let t(s) be the third derivative of -s**6/120 - s**5/20 + s**4/24 - 3021*s**2. What is t(d)?
-3
Let w(v) = -6*v + 18. Let c be ((24/126)/((-1)/(-3)))/((-2)/(-7)). Determine w(c).
6
Suppose 29*l - 1748 = 9*l - 18*l. Let k(w) be the first derivative of l + 1/2*w**2 - w - 10*w**3. Give k(1).
-30
Let z(t) be the third derivative of -t**6/120 - t**5/3 - 3*t**4/4 + 23*t**3/6 - 11*t**2. Let v be z(-19). Let r(b) = -b - 132 - 133 + 403 - 137. What is r(v)?
-3
Let k(i) = 435 + 12*i - 451 - 2*i**2 + i**2. Let p be 97/9 + (-13)/((-468)/8). Give k(p).
-5
Let p be 2*1*4/2. Let n(t) = 5*t**2 - 7*t - 12. Let m(u) = -14*u**2 + 21*u + 35. Suppose -102 - 250 = -32*y. Let r(g) = p*m(g) + y*n(g). Determine r(8).
0
Let r(s) = -41*s - 71 - 36*s - 40*s + 120*s. Determine r(23).
-2
Let f(g) = -g**2 + 6*g - 5. Let r(t) be the first derivative of t**2/2 - t + 14. Let z(w) = f(w) + 3*r(w). Let k be z(8). Let i(c) = c**2 - 5. Calculate i(k).
-5
Let i(j) = 2 + 28*j**3 + 557*j**2 - 275*j**2 - j - 3 - 279*j**2. What is i(1)?
29
Let n(q) be the third derivative of 3*q**5/20 - q**4/12 + 7*q**2. Let d be 7*(-28)/196 - (0 - 2). Calculate n(d).
7
Let d(g) = -4*g**2 + 5*g**2 - 5 + 151*g + 150*g - 444*g + 148*g + 0. Suppose -3*i = -39 - 21. Let v be ((-7)/4)/(5/i). Calculate d(v).
9
Suppose 4*d + 160 = -d. Let g = -28 - d. Let l(o) = -g + 5*o + o - 4*o + 6. Calculate l(3).
8
Suppose 5*r - 15*o = -14*o + 21, -6 = 4*r + 3*o. Let i(y) be the third derivative of 1/24*y**4 + 0 + 0*y - 9*y**2 + 0*y**r. Calculate i(-2).
-2
Let t = -71 - -71. Suppose t = 22*c - 11*c + 33. Let h(r) = -r**3 - 4*r**2 - 3*r + 2. Give h(c).
2
Let p(o) = 32*o**2 + 148*o - 16. Let k(s) = s**2 + 3*s. Let q(z) = -18*k(z) + p(z). Determine q(-7).
12
Let y(r) be the first derivative of 5*r**2 + 89*r + 817. Determine y(-8).
9
Let u(p) be the third derivative of -p**6/120 - 7*p**5/60 - p**4/12 - 4*p**3/3 - 184*p**2 + 3*p. Let o(l) = -l - 26. Let b be o(-20). Calculate u(b).
-32
Let q(m) be the third derivative of -m**5/30 - 5*m**4/4 - 5*m**3/3 + 2528*m**2. Give q(-14).
18
Let s(h) = 144*h - 1130. Let k(w) = 79*w - 628. Let y(d) = 20*k(d) - 11*s(d). Calculate y(-33).
2
Let l(o) be the first derivative of -o**3/3 - 8*o**2 - 3*o + 1. Let p be 2/(-25) + 3980/(-250). Calculate l(p).
-3
Let i = -17 + 16. Let m be 56/16 + i/(-2). Let g = m + -8. Let o(a) = 3*a - 1. Calculate o(g).
-13
Let f(z) = -831*z - 816. Let w be f(-1). Let v(u) = -u**2 + 11*u + 35. Determine v(w).
-25
Let l be (0 - (-30)/(-9))/(1/33). Let m = l - -113. Let k(v) = -4*v**2 + 3 + 12*v**3 + 52*v - 13*v**m - 55*v. Give k(-3).
3
Let s(o) = 21*o**2 - 2*o - 7. Let v(z) = -46*z**2 + 4*z + 16. Let h(u) = 13*s(u) + 6*v(u). Determine h(-4).
-35
Suppose 0 = 4*v, -6*v = a - 7*v - 76. Let u(x) = 0*x + 140 + x - 69 - a. What is u(-6)?
-11
Let d(a) be the third derivative of 0*a + 1/3*a**3 - 1/60*a**5 + 0 - 8*a**2 - 1/8*a**4. Let f be 2/(4*(-5)/50). Determine d(f).
-8
Let o = 1978 - 1992. Let g(j) = -4*j - 35. Determine g(o).
21
Let b = -98987/12 + 8249. Let p(o) be the second derivative of 0*o**2 + 1/6*o**3 - b*o**4 + 0 + 24*o. Calculate p(3).
-6
Let t(z) = -z**3 + 28*z**2 - 52*z - 2. Let q be t(26). Let f(p) = -6*p + 6. Let o(m) = -3*m + 1. Let h(u) = q*f(u) + 5*o(u). Determine h(6).
-25
Let v be (2/8)/(359/(-2872))*(-10)/(-4). Let l(i) be the third derivative of i**4/12 - 2*i**3/3 + i**2. What is l(v)?
-14
Let d(u) be the third derivative of 13*u**4/24 - 3*u**3 - 2199*u**2. Determine d(9).
99
Let x = 160 + -341. Let z = -194 - x. Let a(n) = n**3 + 13*n**2 - n - 3. Give a(z).
10
Let x(k) be the third derivative of 0*k**4 + 0 + 1/15*k**5 + 3*k + 16*k**2 + 1/120*k**6 - 1/6*k**3. Give x(-3).
8
Let b = 13688 - 13700. Let p(a) = -6 + 15 + a + 0*a + 11. Give p(b).
8
Let u(t) = 22*t**2 - 2*t - 3. Let p(s) = 11*s**2 - s - 1. Let v(z) = -5*p(z) + 2*u(z). Let i be (15 + -13)/((5/2)/((-45)/(-36))). Give v(i).
-11
Let h(f) be the second derivative of -f**5/20 + 5*f**